 s(w) = -j(w) + 5*k(w). Determine s(-10).
-11
Let u(y) be the first derivative of y**5/20 + y**4/12 - 31*y**3 + 116. Let b(t) be the third derivative of u(t). Give b(-2).
-10
Let l(r) = 3*r**3 - 4*r**2 + 43*r - 113. Let m(o) = o**3 - 2*o**2 + 14*o - 36. Let k(t) = -2*l(t) + 7*m(t). What is k(5)?
9
Let z(k) = -k**2 - k + 4. Let q(a) = a**2 - 2*a - 6. Let w be q(3). Let b be 15/(45/(-6))*w/2. What is z(b)?
-8
Let f(w) be the second derivative of w**3/6 - w**2/2 + w. Let l(j) = 10*j - 97. Let a be l(11). Suppose 0 = -10*g + a + 57. What is f(g)?
6
Let k(i) = -9 + 24 - 12 + 5*i - 21. Determine k(7).
17
Let m(d) = 2*d**3 - 5*d**3 - 4*d**3 + d. Let y = 231 - 222. Suppose -y = 137*i - 128*i. Give m(i).
6
Let s(v) be the first derivative of -v**4/4 + 7*v**3/3 - 3*v**2/2 - 5*v - 532. What is s(6)?
13
Suppose -3*o = -7*o. Suppose o = -4*l + 40 - 8. Let f(r) = -2*r + 8. What is f(l)?
-8
Let s(k) = k - 8. Let p = 29 + 416. Suppose -p*v = -444*v + 6. What is s(v)?
-14
Let r(t) = 26 - 3*t + 8*t - 14 + 5*t - 2*t. Give r(6).
60
Let z(b) = 3*b + 6 - b - b. Suppose g - 17 = -4*m + 6*g, 5 = m - 2*g. Suppose -a - 2*j = 2, 5*a + m = -4*j - 19. Give z(a).
0
Let z(i) be the first derivative of -i**3/3 - 3*i**2 - i + 494. Suppose 2*b + 12 = -3*x - b, -4*x - 16 = -5*b. Determine z(x).
7
Let m(r) = -124*r + 1635. Let a be m(13). Let n(l) = l**3 - 24*l**2 + 24*l - 16. Calculate n(a).
7
Suppose -3*i = -3*z + 12, -6*i = z - 10*i + 8. Suppose 19 = -z*a + 11. Let t(j) = -6*j - 1. What is t(a)?
5
Let x = -8780 - -8778. Let c(s) = -s**2 + 3*s + 8. What is c(x)?
-2
Let o = 91 + -93. Let r(d) = 2*d**2 - 14*d - 30. Calculate r(o).
6
Let j(k) = -k**3 - 6*k**2 - k - 1. Let d(b) = -2*b**2 - b - 6. Let a be (2/12*0)/(-2). Let i be d(a). What is j(i)?
5
Suppose -5*t - 2*r + 10 = 0, 0 = -t + 2*r + 2 - 0. Let m(z) = -5*z**2 - 8*z - 4 + 3*z**2 - 9*z**t + 10*z**2. What is m(-6)?
8
Let l(f) = 111*f**2 + 46*f + 8. Let u(b) = 45*b**2 + 25*b + 4. Let q(n) = -2*l(n) + 5*u(n). Calculate q(-11).
4
Let v(y) = 12*y - 246. Let k be v(21). Let c be (-19)/k - (-3 + 238/84). Let q(a) = -a**2 + 2*a + 6. Calculate q(c).
-9
Let l = -513 + 517. Let m(v) = l - 50*v - 1 + 34*v + 26*v + v**2. Suppose 5*t - 17 = -67. Calculate m(t).
3
Let z(o) = -o**2 + 3*o - 5. Let b(n) = -n**2 + 2*n - 5. Let y(m) = 3*b(m) - 2*z(m). Suppose 7*u = u + 24. What is y(u)?
-21
Let q(l) be the first derivative of l**4/4 - l**3 - 3*l**2/2 + l - 64. Suppose -n = -2*g - 12, 4*n = n + 4*g + 28. Determine q(n).
5
Let q(v) = -v + 4. Let t = -18 - -25. Suppose -25*a + 256 - 181 = 0. Let w be (((-28)/12)/t)/(a/(-36)). Give q(w).
0
Let w(r) = -r**3 + 3*r - 1. Suppose -5*p = 2*l - 34, -9 = -3*p + 2*l + 5. Suppose 2*n + 13 = -3*v, 5*v = -n + p*n - 5. Calculate w(n).
1
Let t = 33 - -60. Suppose -4*h = -t + 13. Suppose 3*o + o = h. Let a(s) = s**2 - 5*s - 5. Calculate a(o).
-5
Let v(m) be the first derivative of -m**3/6 + 15*m**2/2 + 94*m - 191. Let l(w) be the first derivative of v(w). Calculate l(7).
8
Let h(f) = 13*f + 26. Let p(z) = z. Let j(m) = h(m) - 4*p(m). Calculate j(-9).
-55
Suppose -2*g = -x + 5, 3*x - 7*g - 14 = -2*g. Let s(y) = -y**3 + 2*y**2 + 2*y - 3. Determine s(x).
-6
Let y(r) = r**3 + 6*r**2 + 3*r - 4. Let f(s) = -2*s. Let b be f(5). Let o(w) = -3 - 6 + w + 13 + 1. Let j be o(b). Calculate y(j).
6
Let l(v) = -v**3 - 7*v**2 + 9*v - 27. Let t be ((-105)/(-140))/(8/(-96)). Determine l(t).
54
Let o(f) = -10*f - 6. Let u(i) = -56*i - 35. Let g be 35 + 1 + (1 - 2). Let k(b) = g*o(b) - 6*u(b). Give k(-1).
14
Let c(j) = 25*j + 240. Let o be c(-10). Let m(r) = r**2 + 12*r - 24. Determine m(o).
-44
Let k(b) = 13 - 10804*b + 3*b**2 + 5390*b + 5408*b - 5*b**2. Give k(-5).
-7
Suppose 20*t + 9*t + 203 = 0. Let b(i) = -2*i**3 + 19*i**2 - 19*i + 43. Let a(u) = -u**3 + 9*u**2 - 9*u + 22. Let o(j) = t*a(j) + 4*b(j). Calculate o(12).
6
Let z(g) = 79*g - 227*g + 58 + 74*g + 78*g. What is z(-12)?
10
Suppose 2*m = 10*p - 14*p + 32, 0 = -5*m + 20. Suppose 0 = p*y + 6. Let s(l) = 7*l**2 + 2*l + 1. Calculate s(y).
6
Suppose 0 = -0*m - 3*m + 15. Let u be (9/36)/(1/(-4)). Let a(c) = 6*c**2 + 5*c + 5. Let t(k) = k**2 - k. Let g(x) = m*t(x) + u*a(x). Determine g(-10).
-5
Let i(c) = -126*c - 3. Let l be i(0). Let y(q) = 3*q**2 + 5*q + 4. Determine y(l).
16
Let b(w) = 2*w**2 + 27*w + 48. Let x be b(-2). Let h be (-7 + 8)/(3 - x). Let m(u) = 2*u**3 + 2*u**2 - 2*u + 1. Give m(h).
3
Suppose -54 = 12*d + 18. Let x(b) = -b**2 - 8*b - 16. Give x(d).
-4
Let t(h) = h**2 - 9*h + 28. Let f be -10 + 17/((-102)/(-114)). Calculate t(f).
28
Let k(v) = -65*v + 967. Let c be k(15). Let r(o) = o + 1 + 8 - 3. Calculate r(c).
-2
Let l(m) be the second derivative of m**4/12 - 2*m**3 + 29*m**2/2 - 359*m. What is l(3)?
2
Let x be ((-3)/(-1))/(-15) + 102/10 + -2. Let s(a) = a**2 - 5*a - 17. Give s(x).
7
Let g(x) = x**3 - 4*x**2 - 9*x + 9. Let f be g(6). Let h = 31 - f. Suppose -h = 5*k + 16. Let l(q) = q**3 + 3*q**2 - q - 1. Give l(k).
-13
Let j(w) = -2*w + 49. Let k(c) = c - 25. Let s(m) = -4*j(m) - 9*k(m). Let g = 115 + -115. Determine s(g).
29
Let k(q) be the second derivative of -q**3/3 + 10*q**2 + 3935*q. Let b(t) = t**2 - 8*t - 11. Let o be b(10). Calculate k(o).
2
Let v(i) = 4*i**2 + 4690*i**3 - 2347*i**3 + 5*i + 5*i**2 - 2344*i**3. Give v(9).
45
Let a = 531 + -533. Let p(w) = 2*w**3 + 2*w**2 - 4*w - 5. Let j be p(a). Let f(i) = i**2 + 4*i - 2. What is f(j)?
3
Let m(s) = s**2 - 14*s + 6. Let f(x) = 6*x + 92. Let l(c) = -c**3 + 6*c**2 - 22*c + 72. Let t be l(5). Let g be f(t). Calculate m(g).
6
Let z(u) = 3*u - u + 0 + 1. Let r be (60/9)/(29/(-6) + 5). Let b be 4/(-14) + (r/(-7) - -1). Determine z(b).
-9
Let y(f) = -4*f**2 + 31*f - 1. Let c(z) = -5*z**2 + 34*z - 3. Let l(q) = 5*c(q) - 6*y(q). Calculate l(-14).
19
Let p(y) = 2*y - 6*y + 60 - 48 - 4*y. Let t(q) = -3*q + 5. Suppose 4*a + 37 - 17 = 0. Let m(i) = a*p(i) + 12*t(i). Calculate m(-4).
-16
Let n(s) be the second derivative of 2*s - 1/120*s**5 - s**3 + 0 - 1/8*s**4 + 0*s**2. Let f(l) be the second derivative of n(l). Calculate f(0).
-3
Let k be (-4)/(2/4*-1). Let a(g) = 574*g - 1 + 579*g - 1730*g + 4 + 578*g. Give a(k).
11
Let u = -2 - 3. Suppose 0 = -3*c - 9, 3*j - 3*c - 11 = 1. Let l(o) = -4*o - 4. Let b(x) = -x - 1. Let q(s) = j*l(s) - 5*b(s). Give q(u).
-4
Let p(i) = i**3 - 3*i**2 - 4*i + 3. Suppose 53*t = 52*t + 291. Let l = t - 287. Determine p(l).
3
Let f be 4/(2 + 2) + 2. Let a(n) = n - f + 3*n - 5*n - 8. Let y = -51 - -45. Determine a(y).
-5
Let o(n) = 11*n - 77. Let b(w) = -4*w + 28. Let t(l) = 8*b(l) + 3*o(l). Let h = -2 + 5. Calculate t(h).
-4
Let m(p) = -p**3 - 17*p**2 - 18*p - 31. Let d(c) = -2*c**3 + 5*c**2 + c - 5. Let o be d(4). Let q = o - -33. What is m(q)?
1
Suppose 19*s - 96 = -4*s - 9*s. Let x(u) = -6*u**2 + 16*u + 1. Determine x(s).
-5
Suppose -8*r + 33 = -15. Let p(k) = k**2 - 13. Let h be p(4). Let d(o) = -o + 10. Let y(v) = -1. Let j(n) = h*y(n) + d(n). Calculate j(r).
1
Let s(b) = -b**3 + b**2 + 17. Let u(h) = 17*h**3 - 17*h**2 - h - 271. Let f(d) = -16*s(d) - u(d). Let p = 9 - 4. Let k be (-3)/(15/2)*p. Give f(k).
9
Let b be (-2756)/(-12) + (-2)/3. Let p = -219 + b. Let f(u) = -u**2 + 9*u - 7. Determine f(p).
-17
Let l(d) = 6*d**2 - 3. Let s(n) = 248 - 2*n**2 - 250 + 8*n**2. Let q(m) = -2*l(m) + 3*s(m). Give q(1).
6
Let k(h) = -h**3 - 3*h**2 - h - 2. Let o be (-21 - -17)*(1 - 1/4). Let n be (-12)/(-4) + 15/o. Give k(n).
-4
Let p(j) = j + 4*j**2 - 20 - j + 8 - 2*j**2 + 2*j. What is p(3)?
12
Let s(g) = -g**3 - 4*g**2 + 10. Let l be (-5)/2 + 3 + 44/(-8). Let k be s(l). Let p = -40 + k. Let j(f) = -f - 5. Determine j(p).
0
Let r = 254 + -251. Let v = 2 - 0. Let s(b) = b**3 + 3*b**v + 5 - 2*b**3 + 0*b**3 - 2 - 3*b. What is s(r)?
-6
Suppose 3*r + 20*a + 39 = 23*a, -5*r - 29 = a. Let s(w) = -w**3 - 6*w**2 + 4*w - 1. Calculate s(r).
20
Suppose 3*u - 5*d - 109 = 0, -4*u + 107 = -d + 2*d. Let q = u - 8. Suppose 3*x = -x - q, -4*s - x = 25. Let f(j) = -j - 5. Determine f(s).
0
Let k(j) = -j**3 + j**2. Let m(h) = -3*h**3 + 9*h**2 - 66*h. Let d(n) = 4*k(n) - m(n). Let v(p) be the second derivative of d(p). Give v(-7).
32
Let z(i) = -13*i**3 - 10*i**2 + i - 1. Let a(o) = -24*o**3 - 19*o**2 + 3*o - 2. Let u(x) = 6*a(x) - 11*z(x). What is u(2)?
-11
Suppose 62*u + 28 = 69*u. Suppose 5*c - c - u = 0,